{"id":907,"date":"2024-09-13T14:28:40","date_gmt":"2024-09-13T17:28:40","guid":{"rendered":"https:\/\/bresconsultoria.com.br\/?page_id=907"},"modified":"2024-09-13T14:32:39","modified_gmt":"2024-09-13T17:32:39","slug":"interesse-em-visitar-site-parceiro-eds","status":"publish","type":"page","link":"https:\/\/bresconsultoria.com.br\/?page_id=907","title":{"rendered":"Interesse em visitar site parceiro EDS"},"content":{"rendered":"<style>.elementor-907 .elementor-element.elementor-element-14c0d076:not(.elementor-motion-effects-element-type-background), .elementor-907 .elementor-element.elementor-element-14c0d076 > .elementor-motion-effects-container > .elementor-motion-effects-layer{background-color:var( --e-global-color-primary );}.elementor-907 .elementor-element.elementor-element-14c0d076 > .elementor-background-overlay{background-image:url(\"https:\/\/bresconsultoria.com.br\/wp-content\/uploads\/2024\/02\/banner2-scaled-1.jpg\");background-position:top center;background-repeat:no-repeat;background-size:cover;opacity:0.21;transition:background 0.3s, border-radius 0.3s, opacity 0.3s;}.elementor-907 .elementor-element.elementor-element-14c0d076 > .elementor-container{max-width:700px;min-height:572px;}.elementor-907 .elementor-element.elementor-element-14c0d076{transition:all 400ms;padding:60px 0px 200px 0px;}.elementor-907 .elementor-element.elementor-element-1dc79b53{transition:all 400ms;}.elementor-907 .elementor-element.elementor-element-3c578f69{transition:all 400ms;text-align:center;}.elementor-907 .elementor-element.elementor-element-3c578f69 .elementor-heading-title{text-shadow:0px 0px 0px rgba(0,0,0,0.3);color:var( --e-global-color-text );}.elementor-907 .elementor-element.elementor-element-2faad745{transition:all 400ms;text-align:center;}.elementor-907 .elementor-element.elementor-element-2faad745 .elementor-heading-title{font-family:var( --e-global-typography-765f807-font-family ), Sans-serif;font-size:var( --e-global-typography-765f807-font-size );font-weight:var( --e-global-typography-765f807-font-weight );line-height:var( --e-global-typography-765f807-line-height );color:var( --e-global-color-text );}.elementor-907 .elementor-element.elementor-element-2a9e475d:not(.elementor-motion-effects-element-type-background), .elementor-907 .elementor-element.elementor-element-2a9e475d > .elementor-motion-effects-container > .elementor-motion-effects-layer{background-color:var( --e-global-color-d26d406 );}.elementor-907 .elementor-element.elementor-element-2a9e475d, .elementor-907 .elementor-element.elementor-element-2a9e475d > .elementor-background-overlay{border-radius:10px 10px 10px 10px;}.elementor-907 .elementor-element.elementor-element-2a9e475d{transition:all 400ms;margin-top:0px;margin-bottom:-100px;padding:50px 50px 50px 50px;}.elementor-907 .elementor-element.elementor-element-2a9e475d > .elementor-background-overlay{transition:background 0.3s, border-radius 0.3s, opacity 0.3s;}.elementor-907 .elementor-element.elementor-element-4378143b{transition:all 400ms;}.elementor-907 .elementor-element.elementor-element-1dea1d6d{transition:all 400ms;--e-form-steps-indicators-spacing:20px;--e-form-steps-indicator-padding:30px;--e-form-steps-indicator-inactive-secondary-color:#ffffff;--e-form-steps-indicator-active-secondary-color:#ffffff;--e-form-steps-indicator-completed-secondary-color:#ffffff;--e-form-steps-divider-width:1px;--e-form-steps-divider-gap:10px;}.elementor-907 .elementor-element.elementor-element-1dea1d6d .elementor-field-group{padding-right:calc( 10px\/2 );padding-left:calc( 10px\/2 );margin-bottom:15px;}.elementor-907 .elementor-element.elementor-element-1dea1d6d .elementor-form-fields-wrapper{margin-left:calc( -10px\/2 );margin-right:calc( -10px\/2 );margin-bottom:-15px;}.elementor-907 .elementor-element.elementor-element-1dea1d6d .elementor-field-group.recaptcha_v3-bottomleft, .elementor-907 .elementor-element.elementor-element-1dea1d6d .elementor-field-group.recaptcha_v3-bottomright{margin-bottom:0;}body.rtl .elementor-907 .elementor-element.elementor-element-1dea1d6d .elementor-labels-inline .elementor-field-group > label{padding-left:0px;}body:not(.rtl) .elementor-907 .elementor-element.elementor-element-1dea1d6d .elementor-labels-inline .elementor-field-group > label{padding-right:0px;}body .elementor-907 .elementor-element.elementor-element-1dea1d6d .elementor-labels-above .elementor-field-group > label{padding-bottom:0px;}.elementor-907 .elementor-element.elementor-element-1dea1d6d .elementor-field-group > label, .elementor-907 .elementor-element.elementor-element-1dea1d6d .elementor-field-subgroup label{color:var( --e-global-color-text );}.elementor-907 .elementor-element.elementor-element-1dea1d6d .elementor-field-type-html{padding-bottom:0px;}.elementor-907 .elementor-element.elementor-element-1dea1d6d .elementor-field-group .elementor-field{color:#000000;}.elementor-907 .elementor-element.elementor-element-1dea1d6d .elementor-field-group .elementor-field, .elementor-907 .elementor-element.elementor-element-1dea1d6d .elementor-field-subgroup label{font-family:\"Lato\", Sans-serif;}.elementor-907 .elementor-element.elementor-element-1dea1d6d .elementor-field-group:not(.elementor-field-type-upload) .elementor-field:not(.elementor-select-wrapper){background-color:#ffffff;border-color:#eeeeee;}.elementor-907 .elementor-element.elementor-element-1dea1d6d .elementor-field-group .elementor-select-wrapper select{background-color:#ffffff;border-color:#eeeeee;}.elementor-907 .elementor-element.elementor-element-1dea1d6d .elementor-field-group .elementor-select-wrapper::before{color:#eeeeee;}.elementor-907 .elementor-element.elementor-element-1dea1d6d .elementor-button{font-size:14px;font-weight:700;text-transform:uppercase;line-height:18px;padding:16px 50px 16px 50px;}.elementor-907 .elementor-element.elementor-element-1dea1d6d .e-form__buttons__wrapper__button-next{background-color:var( --e-global-color-accent );color:var( --e-global-color-primary );}.elementor-907 .elementor-element.elementor-element-1dea1d6d .elementor-button[type=\"submit\"]{background-color:var( --e-global-color-accent );color:var( --e-global-color-primary );}.elementor-907 .elementor-element.elementor-element-1dea1d6d .elementor-button[type=\"submit\"] svg *{fill:var( --e-global-color-primary );}.elementor-907 .elementor-element.elementor-element-1dea1d6d .e-form__buttons__wrapper__button-previous{color:#ffffff;}.elementor-907 .elementor-element.elementor-element-1dea1d6d .e-form__buttons__wrapper__button-next:hover{background-color:var( --e-global-color-secondary );color:var( --e-global-color-d26d406 );}.elementor-907 .elementor-element.elementor-element-1dea1d6d .elementor-button[type=\"submit\"]:hover{background-color:var( --e-global-color-secondary );color:var( --e-global-color-d26d406 );}.elementor-907 .elementor-element.elementor-element-1dea1d6d .elementor-button[type=\"submit\"]:hover svg *{fill:var( --e-global-color-d26d406 );}.elementor-907 .elementor-element.elementor-element-1dea1d6d .e-form__buttons__wrapper__button-previous:hover{color:#ffffff;}:root{--page-title-display:none;}@media(max-width:1024px){.elementor-907 .elementor-element.elementor-element-2faad745 .elementor-heading-title{font-size:var( --e-global-typography-765f807-font-size );line-height:var( --e-global-typography-765f807-line-height );}}@media(max-width:767px){.elementor-907 .elementor-element.elementor-element-14c0d076{padding:60px 20px 128px 20px;}.elementor-907 .elementor-element.elementor-element-2faad745 .elementor-heading-title{font-size:var( --e-global-typography-765f807-font-size );line-height:var( --e-global-typography-765f807-line-height );}.elementor-907 .elementor-element.elementor-element-2a9e475d{padding:15px 15px 15px 15px;}.elementor-907 .elementor-element.elementor-element-4378143b{width:100%;}}<\/style>\t\t<div data-elementor-type=\"wp-page\" data-elementor-id=\"907\" class=\"elementor elementor-907\" data-elementor-post-type=\"page\">\n\t\t\t\t\t\t<section class=\"elementor-section elementor-top-section elementor-element elementor-element-14c0d076 elementor-section-height-min-height elementor-section-boxed elementor-section-height-default elementor-section-items-middle\" data-id=\"14c0d076\" data-element_type=\"section\" data-settings=\"{&quot;background_background&quot;:&quot;classic&quot;}\">\n\t\t\t\t\t\t\t<div class=\"elementor-background-overlay\"><\/div>\n\t\t\t\t\t\t\t<div class=\"elementor-container elementor-column-gap-default\">\n\t\t\t\t\t<div class=\"elementor-column elementor-col-100 elementor-top-column elementor-element elementor-element-1dc79b53\" data-id=\"1dc79b53\" data-element_type=\"column\">\n\t\t\t<div class=\"elementor-widget-wrap elementor-element-populated\">\n\t\t\t\t\t\t<div class=\"elementor-element elementor-element-3c578f69 de_scroll_animation_no elementor-widget elementor-widget-heading\" data-id=\"3c578f69\" data-element_type=\"widget\" data-widget_type=\"heading.default\">\n\t\t\t\t<div class=\"elementor-widget-container\">\n\t\t\t\t\t<h2 class=\"elementor-heading-title elementor-size-default\">Indica\u00e7\u00e3o de parceiro EDS<\/h2>\t\t\t\t<\/div>\n\t\t\t\t<\/div>\n\t\t\t\t<div class=\"elementor-element elementor-element-2faad745 de_scroll_animation_no elementor-widget elementor-widget-heading\" data-id=\"2faad745\" data-element_type=\"widget\" data-widget_type=\"heading.default\">\n\t\t\t\t<div class=\"elementor-widget-container\">\n\t\t\t\t\t<h3 class=\"elementor-heading-title elementor-size-default\">Se desejar acessar o site de nosso parceiro. Preencha o cadastro abaixo, voc\u00ea receber\u00e1 uma indica\u00e7\u00e3o que veio pelo nosso site e parceria, sendo assim, voc\u00ea j\u00e1 receber\u00e1 mais benef\u00edcios em qualquer negocia\u00e7\u00e3o que venha a fazer. <\/h3>\t\t\t\t<\/div>\n\t\t\t\t<\/div>\n\t\t\t\t<section class=\"elementor-section elementor-inner-section elementor-element elementor-element-2a9e475d elementor-section-boxed elementor-section-height-default elementor-section-height-default\" data-id=\"2a9e475d\" data-element_type=\"section\" data-settings=\"{&quot;background_background&quot;:&quot;classic&quot;}\">\n\t\t\t\t\t\t<div class=\"elementor-container elementor-column-gap-default\">\n\t\t\t\t\t<div class=\"elementor-column elementor-col-100 elementor-inner-column elementor-element elementor-element-4378143b\" data-id=\"4378143b\" data-element_type=\"column\">\n\t\t\t<div class=\"elementor-widget-wrap elementor-element-populated\">\n\t\t\t\t\t\t<div class=\"elementor-element elementor-element-1dea1d6d elementor-button-align-stretch de_scroll_animation_no elementor-widget elementor-widget-form\" data-id=\"1dea1d6d\" data-element_type=\"widget\" data-settings=\"{&quot;step_next_label&quot;:&quot;Next&quot;,&quot;step_previous_label&quot;:&quot;Previous&quot;,&quot;button_width&quot;:&quot;100&quot;,&quot;step_type&quot;:&quot;number_text&quot;,&quot;step_icon_shape&quot;:&quot;circle&quot;}\" data-widget_type=\"form.default\">\n\t\t\t\t<div class=\"elementor-widget-container\">\n\t\t\t\t\t\t\t<form class=\"elementor-form\" method=\"post\" id=\"form2\" name=\"New Form\">\n\t\t\t<input type=\"hidden\" name=\"post_id\" value=\"907\"\/>\n\t\t\t<input type=\"hidden\" name=\"form_id\" value=\"1dea1d6d\"\/>\n\t\t\t<input type=\"hidden\" name=\"referer_title\" value=\"\" \/>\n\n\t\t\t\n\t\t\t<div class=\"elementor-form-fields-wrapper elementor-labels-\">\n\t\t\t\t\t\t\t\t<div class=\"elementor-field-type-text elementor-field-group elementor-column elementor-field-group-name elementor-col-100\">\n\t\t\t\t\t\t\t\t\t\t\t\t\t<input size=\"1\" type=\"text\" name=\"form_fields[name]\" id=\"form-field-name\" class=\"elementor-field elementor-size-md  elementor-field-textual\" placeholder=\"Name\">\n\t\t\t\t\t\t\t\t\t\t\t<\/div>\n\t\t\t\t\t\t\t\t<div class=\"elementor-field-type-email elementor-field-group elementor-column elementor-field-group-email elementor-col-100 elementor-field-required\">\n\t\t\t\t\t\t\t\t\t\t\t\t\t<input size=\"1\" type=\"email\" name=\"form_fields[email]\" id=\"form-field-email\" class=\"elementor-field elementor-size-md  elementor-field-textual\" placeholder=\"Email\" required=\"required\" aria-required=\"true\">\n\t\t\t\t\t\t\t\t\t\t\t<\/div>\n\t\t\t\t\t\t\t\t<div class=\"elementor-field-type-text elementor-field-group elementor-column elementor-field-group-field_85a7b4c elementor-col-100\">\n\t\t\t\t\t\t\t\t\t\t\t\t<label for=\"form-field-field_85a7b4c\" class=\"elementor-field-label elementor-screen-only\">\n\t\t\t\t\t\t\t\tTelefone\t\t\t\t\t\t\t<\/label>\n\t\t\t\t\t\t\t\t\t\t\t\t\t\t<input size=\"1\" type=\"text\" name=\"form_fields[field_85a7b4c]\" id=\"form-field-field_85a7b4c\" class=\"elementor-field elementor-size-md  elementor-field-textual\" placeholder=\"41 0000-0000\">\n\t\t\t\t\t\t\t\t\t\t\t<\/div>\n\t\t\t\t\t\t\t\t<div class=\"elementor-field-type-textarea elementor-field-group elementor-column elementor-field-group-message elementor-col-100\">\n\t\t\t\t\t<textarea class=\"elementor-field-textual elementor-field  elementor-size-md\" name=\"form_fields[message]\" id=\"form-field-message\" rows=\"4\" placeholder=\"Tenho interesse em conhecer o trabalho da EDS.\"><\/textarea>\t\t\t\t<\/div>\n\t\t\t\t\t\t\t\t<div class=\"elementor-field-group elementor-column elementor-field-type-submit elementor-col-100 e-form__buttons\">\n\t\t\t\t\t<button type=\"submit\" class=\"elementor-button elementor-size-sm elementor-animation-bob\">\n\t\t\t\t\t\t<span >\n\t\t\t\t\t\t\t\t\t\t\t\t\t\t\t<span class=\" elementor-button-icon\">\n\t\t\t\t\t\t\t\t\t<i class=\"fa fa-envelope\" aria-hidden=\"true\"><\/i>\t\t\t\t\t\t\t\t\t\t\t\t\t\t\t\t\t<\/span>\n\t\t\t\t\t\t\t\t\t\t\t\t\t\t\t\t\t\t\t\t\t\t<span class=\"elementor-button-text\">Enviar<\/span>\n\t\t\t\t\t\t\t\t\t\t\t\t\t<\/span>\n\t\t\t\t\t<\/button>\n\t\t\t\t<\/div>\n\t\t\t<\/div>\n\t\t<\/form>\n\t\t\t\t\t\t<\/div>\n\t\t\t\t<\/div>\n\t\t\t\t\t<\/div>\n\t\t<\/div>\n\t\t\t\t\t<\/div>\n\t\t<\/section>\n\t\t\t\t\t<\/div>\n\t\t<\/div>\n\t\t\t\t\t<\/div>\n\t\t<\/section>\n\t\t\t\t<\/div>\n\t\t","protected":false},"excerpt":{"rendered":"<p>Indica\u00e7\u00e3o de parceiro EDS Se desejar acessar o site de nosso parceiro. Preencha o cadastro abaixo, voc\u00ea receber\u00e1 uma indica\u00e7\u00e3o que veio pelo nosso site e parceria, sendo assim, voc\u00ea j\u00e1 receber\u00e1 mais benef\u00edcios em qualquer negocia\u00e7\u00e3o que venha a fazer.<\/p>\n","protected":false},"author":1,"featured_media":0,"parent":0,"menu_order":0,"comment_status":"closed","ping_status":"closed","template":"","meta":{"footnotes":""},"aioseo_notices":[],"_links":{"self":[{"href":"https:\/\/bresconsultoria.com.br\/index.php?rest_route=\/wp\/v2\/pages\/907"}],"collection":[{"href":"https:\/\/bresconsultoria.com.br\/index.php?rest_route=\/wp\/v2\/pages"}],"about":[{"href":"https:\/\/bresconsultoria.com.br\/index.php?rest_route=\/wp\/v2\/types\/page"}],"author":[{"embeddable":true,"href":"https:\/\/bresconsultoria.com.br\/index.php?rest_route=\/wp\/v2\/users\/1"}],"replies":[{"embeddable":true,"href":"https:\/\/bresconsultoria.com.br\/index.php?rest_route=%2Fwp%2Fv2%2Fcomments&post=907"}],"version-history":[{"count":6,"href":"https:\/\/bresconsultoria.com.br\/index.php?rest_route=\/wp\/v2\/pages\/907\/revisions"}],"predecessor-version":[{"id":913,"href":"https:\/\/bresconsultoria.com.br\/index.php?rest_route=\/wp\/v2\/pages\/907\/revisions\/913"}],"wp:attachment":[{"href":"https:\/\/bresconsultoria.com.br\/index.php?rest_route=%2Fwp%2Fv2%2Fmedia&parent=907"}],"curies":[{"name":"wp","href":"https:\/\/api.w.org\/{rel}","templated":true}]}}